{"id":83479,"date":"2025-09-03T08:13:22","date_gmt":"2025-09-03T06:13:22","guid":{"rendered":"https:\/\/ccanecblau.valordeley.es\/?post_type=tiendas&#038;p=83479"},"modified":"2025-10-21T13:41:54","modified_gmt":"2025-10-21T11:41:54","slug":"franck-provost-perruqueria","status":"publish","type":"tiendas","link":"https:\/\/www.anecblau.com\/ca\/tienda\/franck-provost-perruqueria\/","title":{"rendered":"Franck Provost Perruqueria"},"content":{"rendered":"<p>A\u00a0<strong>\u00c0necblau<\/strong>\u00a0pots real\u00e7ar la teva bellesa de la m\u00e0 d\u2019una perruqueria de confian\u00e7a on s\u2019utilitzen productes d\u2019\u00faltima generaci\u00f3 com \u00e9s el cas de\u00a0<strong>Franck Provost<\/strong>. Aquesta perruqueria es troba ubicada a Castelldefels, m\u00e9s concretament a la planta baixa del\u00a0<strong><a href=\"https:\/\/www.anecblau.com\/ca\/\">Centre Comercial \u00c0necblau<\/a>.<\/strong><\/p>\n<p>El sal\u00f3 de bellesa\u00a0<strong>Franck Provost d\u2019\u00c0necblau<\/strong>\u00a0t\u00e9 un ambient c\u00e0lid i acollidor per a que et sentis com a casa. Si t\u2019agrada esta guapa, cuidar-te i sentir-te b\u00e9, posa\u2019t en bones mans i deixa que l\u2019equip de\u00a0<strong>Franck Provost<\/strong>\u00a0faci la resta.<\/p>\n<p>El seu personal t\u2019assessorar\u00e0 en funci\u00f3 del teu estil, sempre en l\u00ednia amb les \u00faltimes tend\u00e8ncies: tall de cabell, pentinat, metxes, reflexos, tractaments capil\u00b7lars segons els teus gustos i prefer\u00e8ncies\u2026 La professionalitat i l\u2019extensa formaci\u00f3 en perruqueria i est\u00e8tica avalen a tota la plantilla que forma part de\u00a0<strong>Franck Provost<\/strong>.<\/p>\n<p>El personal de\u00a0<strong>Franck Provost<\/strong>\u00a0\u00e9s sumament atent amb cadascun dels seus clients i crea un clima amable on sentir-te c\u00f2mode dins del\u00a0<strong>Centre Comercial \u00c0necblau<\/strong>. Tingues clara una cosa: el seu principal objectiu \u00e9s que surtis satisfet i feli\u00e7 amb el teu nou look.<\/p>\n<p>I, per descomptat, tot el que vulguis provar a la sala de perruqueria de\u00a0<strong>Franck Provost\u00a0<\/strong>de\u00a0<strong>Castelldefels<\/strong>\u00a0estar\u00e0 contemplat sobre un protocol ben definit. Un protocol que es du a terme en els salons que\u00a0<strong>Franck Provost<\/strong>\u00a0t\u00e9 arreu de tot el m\u00f3n i que tants \u00e8xits li ha reportat.<\/p>\n<p>Deixa que\u00a0<strong>Franck Provost<\/strong>\u00a0s\u2019ocupi de la teva imatge i deixa\u2019t endur pel moment. T\u2019ho mereixes, no?<\/p>\n","protected":false},"featured_media":0,"template":"","tags":[275,277,286,238],"class_list":["post-83479","tiendas","type-tiendas","status-publish","hentry","tag-bellesa","tag-belleza-ca","tag-perruqueria","tag-serveis","tipotienda-botigues","tipotienda-imatge-personal"],"yoast_head":"<!-- This site is optimized with the Yoast SEO plugin v25.4 - https:\/\/yoast.com\/wordpress\/plugins\/seo\/ -->\n<title>Franck Provost Perruqueria | Centro Comercial \u00c0necblau<\/title>\n<meta name=\"description\" content=\"A\u00a0\u00c0necblau\u00a0pots real\u00e7ar la teva bellesa de la m\u00e0 d\u2019una perruqueria de confian\u00e7a on s\u2019utilitzen productes d\u2019\u00faltima generaci\u00f3 com \u00e9s el cas de\u00a0Franck\" \/>\n<meta name=\"robots\" content=\"index, follow, max-snippet:-1, max-image-preview:large, max-video-preview:-1\" \/>\n<link rel=\"canonical\" href=\"https:\/\/www.anecblau.com\/ca\/tienda\/franck-provost-perruqueria\/\" \/>\n<meta property=\"og:locale\" content=\"ca_ES\" \/>\n<meta property=\"og:type\" content=\"article\" \/>\n<meta property=\"og:title\" content=\"Franck Provost Perruqueria | Centro Comercial \u00c0necblau\" \/>\n<meta property=\"og:description\" content=\"A\u00a0\u00c0necblau\u00a0pots real\u00e7ar la teva bellesa de la m\u00e0 d\u2019una perruqueria de confian\u00e7a on s\u2019utilitzen productes d\u2019\u00faltima generaci\u00f3 com \u00e9s el cas de\u00a0Franck\" \/>\n<meta property=\"og:url\" content=\"https:\/\/www.anecblau.com\/ca\/tienda\/franck-provost-perruqueria\/\" \/>\n<meta property=\"og:site_name\" content=\"Centro Comercial \u00c0necblau\" \/>\n<meta property=\"article:modified_time\" content=\"2025-10-21T11:41:54+00:00\" \/>\n<meta name=\"twitter:card\" content=\"summary_large_image\" \/>\n<meta name=\"twitter:label1\" content=\"Est. reading time\" \/>\n\t<meta name=\"twitter:data1\" content=\"2 minutes\" \/>\n<!-- \/ Yoast SEO plugin. -->","yoast_head_json":{"title":"Franck Provost Perruqueria | Centro Comercial \u00c0necblau","description":"A\u00a0\u00c0necblau\u00a0pots real\u00e7ar la teva bellesa de la m\u00e0 d\u2019una perruqueria de confian\u00e7a on s\u2019utilitzen productes d\u2019\u00faltima generaci\u00f3 com \u00e9s el cas de\u00a0Franck","robots":{"index":"index","follow":"follow","max-snippet":"max-snippet:-1","max-image-preview":"max-image-preview:large","max-video-preview":"max-video-preview:-1"},"canonical":"https:\/\/www.anecblau.com\/ca\/tienda\/franck-provost-perruqueria\/","og_locale":"ca_ES","og_type":"article","og_title":"Franck Provost Perruqueria | Centro Comercial \u00c0necblau","og_description":"A\u00a0\u00c0necblau\u00a0pots real\u00e7ar la teva bellesa de la m\u00e0 d\u2019una perruqueria de confian\u00e7a on s\u2019utilitzen productes d\u2019\u00faltima generaci\u00f3 com \u00e9s el cas de\u00a0Franck","og_url":"https:\/\/www.anecblau.com\/ca\/tienda\/franck-provost-perruqueria\/","og_site_name":"Centro Comercial \u00c0necblau","article_modified_time":"2025-10-21T11:41:54+00:00","twitter_card":"summary_large_image","twitter_misc":{"Est. reading time":"2 minutes"},"schema":{"@context":"https:\/\/schema.org","@graph":[{"@type":"WebPage","@id":"https:\/\/www.anecblau.com\/ca\/tienda\/franck-provost-perruqueria\/","url":"https:\/\/www.anecblau.com\/ca\/tienda\/franck-provost-perruqueria\/","name":"Franck Provost Perruqueria | Centro Comercial \u00c0necblau","isPartOf":{"@id":"https:\/\/www.anecblau.com\/ca\/#website"},"datePublished":"2025-09-03T06:13:22+00:00","dateModified":"2025-10-21T11:41:54+00:00","description":"A\u00a0\u00c0necblau\u00a0pots real\u00e7ar la teva bellesa de la m\u00e0 d\u2019una perruqueria de confian\u00e7a on s\u2019utilitzen productes d\u2019\u00faltima generaci\u00f3 com \u00e9s el cas de\u00a0Franck","breadcrumb":{"@id":"https:\/\/www.anecblau.com\/ca\/tienda\/franck-provost-perruqueria\/#breadcrumb"},"inLanguage":"ca-ES","potentialAction":[{"@type":"ReadAction","target":["https:\/\/www.anecblau.com\/ca\/tienda\/franck-provost-perruqueria\/"]}]},{"@type":"BreadcrumbList","@id":"https:\/\/www.anecblau.com\/ca\/tienda\/franck-provost-perruqueria\/#breadcrumb","itemListElement":[{"@type":"ListItem","position":1,"name":"Portada","item":"https:\/\/www.anecblau.com\/ca\/"},{"@type":"ListItem","position":2,"name":"Tiendas","item":"https:\/\/www.anecblau.com\/ca\/tienda\/"},{"@type":"ListItem","position":3,"name":"Franck Provost Perruqueria"}]},{"@type":"WebSite","@id":"https:\/\/www.anecblau.com\/ca\/#website","url":"https:\/\/www.anecblau.com\/ca\/","name":"Centro Comercial \u00c0necblau","description":"Centro Comercial | \u00c0necblau","publisher":{"@id":"https:\/\/www.anecblau.com\/ca\/#organization"},"potentialAction":[{"@type":"SearchAction","target":{"@type":"EntryPoint","urlTemplate":"https:\/\/www.anecblau.com\/ca\/?s={search_term_string}"},"query-input":{"@type":"PropertyValueSpecification","valueRequired":true,"valueName":"search_term_string"}}],"inLanguage":"ca-ES"},{"@type":"Organization","@id":"https:\/\/www.anecblau.com\/ca\/#organization","name":"Anecblau","alternateName":"Centro Comercial | \u00c0necblau","url":"https:\/\/www.anecblau.com\/ca\/","logo":{"@type":"ImageObject","inLanguage":"ca-ES","@id":"https:\/\/www.anecblau.com\/ca\/#\/schema\/logo\/image\/","url":"https:\/\/www.anecblau.com\/wp-content\/uploads\/2021\/04\/anecblau-logo-diciembrecolor.svg","contentUrl":"https:\/\/www.anecblau.com\/wp-content\/uploads\/2021\/04\/anecblau-logo-diciembrecolor.svg","width":1,"height":1,"caption":"Anecblau"},"image":{"@id":"https:\/\/www.anecblau.com\/ca\/#\/schema\/logo\/image\/"}}]}},"publishpress_future_action":{"enabled":false,"date":"2026-05-09 03:16:05","action":"change-status","newStatus":"draft","terms":[],"taxonomy":"post_tag"},"publishpress_future_workflow_manual_trigger":{"enabledWorkflows":[]},"_links":{"self":[{"href":"https:\/\/www.anecblau.com\/ca\/wp-json\/wp\/v2\/tiendas\/83479","targetHints":{"allow":["GET"]}}],"collection":[{"href":"https:\/\/www.anecblau.com\/ca\/wp-json\/wp\/v2\/tiendas"}],"about":[{"href":"https:\/\/www.anecblau.com\/ca\/wp-json\/wp\/v2\/types\/tiendas"}],"version-history":[{"count":2,"href":"https:\/\/www.anecblau.com\/ca\/wp-json\/wp\/v2\/tiendas\/83479\/revisions"}],"predecessor-version":[{"id":86127,"href":"https:\/\/www.anecblau.com\/ca\/wp-json\/wp\/v2\/tiendas\/83479\/revisions\/86127"}],"wp:attachment":[{"href":"https:\/\/www.anecblau.com\/ca\/wp-json\/wp\/v2\/media?parent=83479"}],"wp:term":[{"taxonomy":"post_tag","embeddable":true,"href":"https:\/\/www.anecblau.com\/ca\/wp-json\/wp\/v2\/tags?post=83479"}],"curies":[{"name":"wp","href":"https:\/\/api.w.org\/{rel}","templated":true}]}}

<p>A <strong>Ànecblau</strong> pots realçar la teva bellesa de la mà d’una perruqueria de confiança on s’utilitzen productes d’última generació com és el cas de <strong>Franck Provost</strong>. Aquesta perruqueria es troba ubicada a Castelldefels, més concretament a la planta baixa del <strong><a href="https://www.anecblau.com/ca/">Centre Comercial Ànecblau</a>.</strong></p>
<p>El saló de bellesa <strong>Franck Provost d’Ànecblau</strong> té un ambient càlid i acollidor per a que et sentis com a casa. Si t’agrada esta guapa, cuidar-te i sentir-te bé, posa’t en bones mans i deixa que l’equip de <strong>Franck Provost</strong> faci la resta.</p>
<p>El seu personal t’assessorarà en funció del teu estil, sempre en línia amb les últimes tendències: tall de cabell, pentinat, metxes, reflexos, tractaments capil·lars segons els teus gustos i preferències… La professionalitat i l’extensa formació en perruqueria i estètica avalen a tota la plantilla que forma part de <strong>Franck Provost</strong>.</p>
<p>El personal de <strong>Franck Provost</strong> és sumament atent amb cadascun dels seus clients i crea un clima amable on sentir-te còmode dins del <strong>Centre Comercial Ànecblau</strong>. Tingues clara una cosa: el seu principal objectiu és que surtis satisfet i feliç amb el teu nou look.</p>
<p>I, per descomptat, tot el que vulguis provar a la sala de perruqueria de <strong>Franck Provost </strong>de <strong>Castelldefels</strong> estarà contemplat sobre un protocol ben definit. Un protocol que es du a terme en els salons que <strong>Franck Provost</strong> té arreu de tot el món i que tants èxits li ha reportat.</p>
<p>Deixa que <strong>Franck Provost</strong> s’ocupi de la teva imatge i deixa’t endur pel moment. T’ho mereixes, no?</p>

<!-- This site is optimized with the Yoast SEO plugin v25.4 - https://yoast.com/wordpress/plugins/seo/ -->
<title>Franck Provost Perruqueria | Centro Comercial Ànecblau</title>
<meta name="description" content="A Ànecblau pots realçar la teva bellesa de la mà d’una perruqueria de confiança on s’utilitzen productes d’última generació com és el cas de Franck" />
<meta name="robots" content="index, follow, max-snippet:-1, max-image-preview:large, max-video-preview:-1" />
<link rel="canonical" href="https://www.anecblau.com/ca/tienda/franck-provost-perruqueria/" />
<meta property="og:locale" content="ca_ES" />
<meta property="og:type" content="article" />
<meta property="og:title" content="Franck Provost Perruqueria | Centro Comercial Ànecblau" />
<meta property="og:description" content="A Ànecblau pots realçar la teva bellesa de la mà d’una perruqueria de confiança on s’utilitzen productes d’última generació com és el cas de Franck" />
<meta property="og:url" content="https://www.anecblau.com/ca/tienda/franck-provost-perruqueria/" />
<meta property="og:site_name" content="Centro Comercial Ànecblau" />
<meta property="article:modified_time" content="2025-10-21T11:41:54+00:00" />
<meta name="twitter:card" content="summary_large_image" />
<meta name="twitter:label1" content="Est. reading time" />
	<meta name="twitter:data1" content="2 minutes" />
<!-- / Yoast SEO plugin. -->

Franck Provost Perruqueria | Centro Comercial Ànecblau

A Ànecblau pots realçar la teva bellesa de la mà d’una perruqueria de confiança on s’utilitzen productes d’última generació com és el cas de Franck

Centro Comercial Ànecblau

Centro Comercial | Ànecblau
