{"id":83570,"date":"2025-09-03T09:00:22","date_gmt":"2025-09-03T07:00:22","guid":{"rendered":"https:\/\/ccanecblau.valordeley.es\/?post_type=tiendas&#038;p=83570"},"modified":"2026-04-28T17:47:42","modified_gmt":"2026-04-28T15:47:42","slug":"joyeria-jose-luis-2","status":"publish","type":"tiendas","link":"https:\/\/www.anecblau.com\/ca\/tienda\/joyeria-jose-luis-2\/","title":{"rendered":"JOSE LUIS Joyer\u00edas"},"content":{"rendered":"<p>JOSE LUIS Joyer\u00edas \u00e9s una marca amb m\u00e9s de 50 anys d\u2019hist\u00f2ria, caracteritzada per la seva \u00e0mplia varietat de dissenys.<\/p>\n<p>Diamants, or, plata i gemmes donen forma a col\u00b7leccions pr\u00f2pies de joies atemporals o d\u2019\u00faltima tend\u00e8ncia, que conviuen amb una selecci\u00f3 de les millors marques de rellotgeria.<\/p>\n<p>Amb m\u00e9s de 110 botigues a Espanya i Portugal, la firma mant\u00e9 una forta vinculaci\u00f3 amb els seus clients, gr\u00e0cies a un assessorament expert i a un tracte personalitzat.<\/p>\n<p>Instagram: <a href=\"https:\/\/www.instagram.com\/joseluisjoyerias\/\" target=\"_blank\" rel=\"noopener\">@joseluisjoyerias<\/a><br \/>\nFacebook: <a href=\"https:\/\/www.facebook.com\/joseluisjoyerias\" target=\"_blank\" rel=\"noopener\">@joseluisjoyerias<\/a><\/p>\n","protected":false},"featured_media":0,"template":"","tags":[295,239],"class_list":["post-83570","tiendas","type-tiendas","status-publish","hentry","tag-joieries","tag-moda-ca","tipotienda-botigues","tipotienda-botigues-especialitzades","tipotienda-moda-i-complements"],"yoast_head":"<!-- This site is optimized with the Yoast SEO plugin v25.4 - https:\/\/yoast.com\/wordpress\/plugins\/seo\/ -->\n<title>JOSE LUIS Joyer\u00edas | Centro Comercial \u00c0necblau<\/title>\n<meta name=\"description\" content=\"JOSE LUIS Joyer\u00edas \u00e9s una marca amb m\u00e9s de 50 anys d\u2019hist\u00f2ria, caracteritzada per la seva \u00e0mplia varietat de dissenys. Diamants, or, plata i gemmes donen\" \/>\n<meta name=\"robots\" content=\"index, follow, max-snippet:-1, max-image-preview:large, max-video-preview:-1\" \/>\n<link rel=\"canonical\" href=\"https:\/\/www.anecblau.com\/ca\/tienda\/joyeria-jose-luis-2\/\" \/>\n<meta property=\"og:locale\" content=\"ca_ES\" \/>\n<meta property=\"og:type\" content=\"article\" \/>\n<meta property=\"og:title\" content=\"JOSE LUIS Joyer\u00edas | Centro Comercial \u00c0necblau\" \/>\n<meta property=\"og:description\" content=\"JOSE LUIS Joyer\u00edas \u00e9s una marca amb m\u00e9s de 50 anys d\u2019hist\u00f2ria, caracteritzada per la seva \u00e0mplia varietat de dissenys. Diamants, or, plata i gemmes donen\" \/>\n<meta property=\"og:url\" content=\"https:\/\/www.anecblau.com\/ca\/tienda\/joyeria-jose-luis-2\/\" \/>\n<meta property=\"og:site_name\" content=\"Centro Comercial \u00c0necblau\" \/>\n<meta property=\"article:modified_time\" content=\"2026-04-28T15:47:42+00:00\" \/>\n<meta name=\"twitter:card\" content=\"summary_large_image\" \/>\n<meta name=\"twitter:label1\" content=\"Est. reading time\" \/>\n\t<meta name=\"twitter:data1\" content=\"1 minute\" \/>\n<!-- \/ Yoast SEO plugin. -->","yoast_head_json":{"title":"JOSE LUIS Joyer\u00edas | Centro Comercial \u00c0necblau","description":"JOSE LUIS Joyer\u00edas \u00e9s una marca amb m\u00e9s de 50 anys d\u2019hist\u00f2ria, caracteritzada per la seva \u00e0mplia varietat de dissenys. Diamants, or, plata i gemmes donen","robots":{"index":"index","follow":"follow","max-snippet":"max-snippet:-1","max-image-preview":"max-image-preview:large","max-video-preview":"max-video-preview:-1"},"canonical":"https:\/\/www.anecblau.com\/ca\/tienda\/joyeria-jose-luis-2\/","og_locale":"ca_ES","og_type":"article","og_title":"JOSE LUIS Joyer\u00edas | Centro Comercial \u00c0necblau","og_description":"JOSE LUIS Joyer\u00edas \u00e9s una marca amb m\u00e9s de 50 anys d\u2019hist\u00f2ria, caracteritzada per la seva \u00e0mplia varietat de dissenys. Diamants, or, plata i gemmes donen","og_url":"https:\/\/www.anecblau.com\/ca\/tienda\/joyeria-jose-luis-2\/","og_site_name":"Centro Comercial \u00c0necblau","article_modified_time":"2026-04-28T15:47:42+00:00","twitter_card":"summary_large_image","twitter_misc":{"Est. reading time":"1 minute"},"schema":{"@context":"https:\/\/schema.org","@graph":[{"@type":"WebPage","@id":"https:\/\/www.anecblau.com\/ca\/tienda\/joyeria-jose-luis-2\/","url":"https:\/\/www.anecblau.com\/ca\/tienda\/joyeria-jose-luis-2\/","name":"JOSE LUIS Joyer\u00edas | Centro Comercial \u00c0necblau","isPartOf":{"@id":"https:\/\/www.anecblau.com\/ca\/#website"},"datePublished":"2025-09-03T07:00:22+00:00","dateModified":"2026-04-28T15:47:42+00:00","description":"JOSE LUIS Joyer\u00edas \u00e9s una marca amb m\u00e9s de 50 anys d\u2019hist\u00f2ria, caracteritzada per la seva \u00e0mplia varietat de dissenys. Diamants, or, plata i gemmes donen","breadcrumb":{"@id":"https:\/\/www.anecblau.com\/ca\/tienda\/joyeria-jose-luis-2\/#breadcrumb"},"inLanguage":"ca-ES","potentialAction":[{"@type":"ReadAction","target":["https:\/\/www.anecblau.com\/ca\/tienda\/joyeria-jose-luis-2\/"]}]},{"@type":"BreadcrumbList","@id":"https:\/\/www.anecblau.com\/ca\/tienda\/joyeria-jose-luis-2\/#breadcrumb","itemListElement":[{"@type":"ListItem","position":1,"name":"Portada","item":"https:\/\/www.anecblau.com\/ca\/"},{"@type":"ListItem","position":2,"name":"Tiendas","item":"https:\/\/www.anecblau.com\/ca\/tienda\/"},{"@type":"ListItem","position":3,"name":"JOSE LUIS Joyer\u00edas"}]},{"@type":"WebSite","@id":"https:\/\/www.anecblau.com\/ca\/#website","url":"https:\/\/www.anecblau.com\/ca\/","name":"Centro Comercial \u00c0necblau","description":"Centro Comercial | \u00c0necblau","publisher":{"@id":"https:\/\/www.anecblau.com\/ca\/#organization"},"potentialAction":[{"@type":"SearchAction","target":{"@type":"EntryPoint","urlTemplate":"https:\/\/www.anecblau.com\/ca\/?s={search_term_string}"},"query-input":{"@type":"PropertyValueSpecification","valueRequired":true,"valueName":"search_term_string"}}],"inLanguage":"ca-ES"},{"@type":"Organization","@id":"https:\/\/www.anecblau.com\/ca\/#organization","name":"Anecblau","alternateName":"Centro Comercial | \u00c0necblau","url":"https:\/\/www.anecblau.com\/ca\/","logo":{"@type":"ImageObject","inLanguage":"ca-ES","@id":"https:\/\/www.anecblau.com\/ca\/#\/schema\/logo\/image\/","url":"https:\/\/www.anecblau.com\/wp-content\/uploads\/2021\/04\/anecblau-logo-diciembrecolor.svg","contentUrl":"https:\/\/www.anecblau.com\/wp-content\/uploads\/2021\/04\/anecblau-logo-diciembrecolor.svg","width":1,"height":1,"caption":"Anecblau"},"image":{"@id":"https:\/\/www.anecblau.com\/ca\/#\/schema\/logo\/image\/"}}]}},"publishpress_future_action":{"enabled":false,"date":"2026-05-07 19:11:18","action":"change-status","newStatus":"draft","terms":[],"taxonomy":"post_tag"},"publishpress_future_workflow_manual_trigger":{"enabledWorkflows":[]},"_links":{"self":[{"href":"https:\/\/www.anecblau.com\/ca\/wp-json\/wp\/v2\/tiendas\/83570","targetHints":{"allow":["GET"]}}],"collection":[{"href":"https:\/\/www.anecblau.com\/ca\/wp-json\/wp\/v2\/tiendas"}],"about":[{"href":"https:\/\/www.anecblau.com\/ca\/wp-json\/wp\/v2\/types\/tiendas"}],"version-history":[{"count":2,"href":"https:\/\/www.anecblau.com\/ca\/wp-json\/wp\/v2\/tiendas\/83570\/revisions"}],"predecessor-version":[{"id":87237,"href":"https:\/\/www.anecblau.com\/ca\/wp-json\/wp\/v2\/tiendas\/83570\/revisions\/87237"}],"wp:attachment":[{"href":"https:\/\/www.anecblau.com\/ca\/wp-json\/wp\/v2\/media?parent=83570"}],"wp:term":[{"taxonomy":"post_tag","embeddable":true,"href":"https:\/\/www.anecblau.com\/ca\/wp-json\/wp\/v2\/tags?post=83570"}],"curies":[{"name":"wp","href":"https:\/\/api.w.org\/{rel}","templated":true}]}}

JOSE LUIS Joyerías

<p>JOSE LUIS Joyerías és una marca amb més de 50 anys d’història, caracteritzada per la seva àmplia varietat de dissenys.</p>
<p>Diamants, or, plata i gemmes donen forma a col·leccions pròpies de joies atemporals o d’última tendència, que conviuen amb una selecció de les millors marques de rellotgeria.</p>
<p>Amb més de 110 botigues a Espanya i Portugal, la firma manté una forta vinculació amb els seus clients, gràcies a un assessorament expert i a un tracte personalitzat.</p>
<p>Instagram: <a href="https://www.instagram.com/joseluisjoyerias/" target="_blank" rel="noopener">@joseluisjoyerias</a><br />
Facebook: <a href="https://www.facebook.com/joseluisjoyerias" target="_blank" rel="noopener">@joseluisjoyerias</a></p>

<!-- This site is optimized with the Yoast SEO plugin v25.4 - https://yoast.com/wordpress/plugins/seo/ -->
<title>JOSE LUIS Joyerías | Centro Comercial Ànecblau</title>
<meta name="description" content="JOSE LUIS Joyerías és una marca amb més de 50 anys d’història, caracteritzada per la seva àmplia varietat de dissenys. Diamants, or, plata i gemmes donen" />
<meta name="robots" content="index, follow, max-snippet:-1, max-image-preview:large, max-video-preview:-1" />
<link rel="canonical" href="https://www.anecblau.com/ca/tienda/joyeria-jose-luis-2/" />
<meta property="og:locale" content="ca_ES" />
<meta property="og:type" content="article" />
<meta property="og:title" content="JOSE LUIS Joyerías | Centro Comercial Ànecblau" />
<meta property="og:description" content="JOSE LUIS Joyerías és una marca amb més de 50 anys d’història, caracteritzada per la seva àmplia varietat de dissenys. Diamants, or, plata i gemmes donen" />
<meta property="og:url" content="https://www.anecblau.com/ca/tienda/joyeria-jose-luis-2/" />
<meta property="og:site_name" content="Centro Comercial Ànecblau" />
<meta property="article:modified_time" content="2026-04-28T15:47:42+00:00" />
<meta name="twitter:card" content="summary_large_image" />
<meta name="twitter:label1" content="Est. reading time" />
	<meta name="twitter:data1" content="1 minute" />
<!-- / Yoast SEO plugin. -->

JOSE LUIS Joyerías | Centro Comercial Ànecblau

JOSE LUIS Joyerías és una marca amb més de 50 anys d’història, caracteritzada per la seva àmplia varietat de dissenys. Diamants, or, plata i gemmes donen

Centro Comercial Ànecblau

Centro Comercial | Ànecblau
