{"id":83827,"date":"2025-09-03T13:40:04","date_gmt":"2025-09-03T11:40:04","guid":{"rendered":"https:\/\/ccanecblau.valordeley.es\/?post_type=tiendas&#038;p=83827"},"modified":"2025-12-01T12:40:20","modified_gmt":"2025-12-01T11:40:20","slug":"parque-infantil-sould-park-2","status":"publish","type":"tiendas","link":"https:\/\/www.anecblau.com\/ca\/tienda\/parque-infantil-sould-park-2\/","title":{"rendered":"Parque Infantil Sould Park"},"content":{"rendered":"<p>En el <strong>Centre Comercial \u00c0necblau<\/strong> de <strong>Castelldefels<\/strong> estem sempre treballant per entretenir els nostres clients i millorar l\u2019experi\u00e8ncia dels nostres usuaris. El p\u00fablic que acudeix al nostre Centre Comercial \u00e9s molt variat, per\u00f2 tenim una clientela molt fidel: les fam\u00edlies de <strong>Castelldefels<\/strong> i tot el Baix Llobregat, que troben a <strong>\u00c0necblau<\/strong> l\u2019espai ideal per gaudir del seu temps lliure.<\/p>\n<p>A m\u00e9s dels nostres <a href=\"https:\/\/www.anecblau.com\/tienda\/yelmo-cines\/\">Cines Yelmo<\/a>, l\u2019oferta d\u2019oci del <strong>Centre Comercial \u00c0necblau<\/strong> de <strong>Castelldefels<\/strong> no es limita nom\u00e9s a aix\u00f2. Pensant en els m\u00e9s petits i les seves fam\u00edlies, vam descobrir que hav\u00edem de crear un espai per a ells a <strong>\u00c0necblau<\/strong> i aix\u00ed va n\u00e9ixer la idea del nostre <strong>Parc Infantil<\/strong>.<\/p>\n<p>El <strong>Parc Infantil<\/strong> del <strong>Centre Comercial \u00c0necblau<\/strong> es diu <strong>Parque Sould Park<\/strong> i \u00e9s tot un referent d\u2019<strong>oci infantil a Castelldefels<\/strong>.<\/p>\n<p><strong>\u00bfQu\u00e8 \u00e9s el que trobareu al Parque Sould Park<\/strong> del <strong>Centre Comercial \u00c0necblau<\/strong> de <strong>Castelldefels?<\/strong><\/p>\n<ul>\n<li>Llits el\u00e0stics<\/li>\n<li>Volador<\/li>\n<li>Piscina de boles<\/li>\n<li>Jumping<\/li>\n<li>Els populars jocs de Scalextric<\/li>\n<\/ul>\n<p>En resum: un m\u00f3n ple de diversi\u00f3 per als m\u00e9s petits.<\/p>\n<p><strong>Horari:<\/strong><br \/>\nDe dilluns a divendres:17:00-21:00<br \/>\nDissabte, diumenge i dies festius:12:00-21:00<\/p>\n","protected":false},"featured_media":0,"template":"","tags":[261,315,238],"class_list":["post-83827","tiendas","type-tiendas","status-publish","hentry","tag-infantils","tag-parc","tag-serveis","tipotienda-botigues","tipotienda-infantil-ca","tipotienda-serveis"],"yoast_head":"<!-- This site is optimized with the Yoast SEO plugin v25.4 - https:\/\/yoast.com\/wordpress\/plugins\/seo\/ -->\n<title>Parque Infantil Sould Park | Centro Comercial \u00c0necblau<\/title>\n<meta name=\"description\" content=\"En el Centre Comercial \u00c0necblau de Castelldefels estem sempre treballant per entretenir els nostres clients i millorar l\u2019experi\u00e8ncia dels nostres usuaris.\" \/>\n<meta name=\"robots\" content=\"index, follow, max-snippet:-1, max-image-preview:large, max-video-preview:-1\" \/>\n<link rel=\"canonical\" href=\"https:\/\/www.anecblau.com\/ca\/tienda\/parque-infantil-sould-park-2\/\" \/>\n<meta property=\"og:locale\" content=\"ca_ES\" \/>\n<meta property=\"og:type\" content=\"article\" \/>\n<meta property=\"og:title\" content=\"Parque Infantil Sould Park | Centro Comercial \u00c0necblau\" \/>\n<meta property=\"og:description\" content=\"En el Centre Comercial \u00c0necblau de Castelldefels estem sempre treballant per entretenir els nostres clients i millorar l\u2019experi\u00e8ncia dels nostres usuaris.\" \/>\n<meta property=\"og:url\" content=\"https:\/\/www.anecblau.com\/ca\/tienda\/parque-infantil-sould-park-2\/\" \/>\n<meta property=\"og:site_name\" content=\"Centro Comercial \u00c0necblau\" \/>\n<meta property=\"article:modified_time\" content=\"2025-12-01T11:40:20+00:00\" \/>\n<meta name=\"twitter:card\" content=\"summary_large_image\" \/>\n<meta name=\"twitter:label1\" content=\"Est. reading time\" \/>\n\t<meta name=\"twitter:data1\" content=\"1 minute\" \/>\n<!-- \/ Yoast SEO plugin. -->","yoast_head_json":{"title":"Parque Infantil Sould Park | Centro Comercial \u00c0necblau","description":"En el Centre Comercial \u00c0necblau de Castelldefels estem sempre treballant per entretenir els nostres clients i millorar l\u2019experi\u00e8ncia dels nostres usuaris.","robots":{"index":"index","follow":"follow","max-snippet":"max-snippet:-1","max-image-preview":"max-image-preview:large","max-video-preview":"max-video-preview:-1"},"canonical":"https:\/\/www.anecblau.com\/ca\/tienda\/parque-infantil-sould-park-2\/","og_locale":"ca_ES","og_type":"article","og_title":"Parque Infantil Sould Park | Centro Comercial \u00c0necblau","og_description":"En el Centre Comercial \u00c0necblau de Castelldefels estem sempre treballant per entretenir els nostres clients i millorar l\u2019experi\u00e8ncia dels nostres usuaris.","og_url":"https:\/\/www.anecblau.com\/ca\/tienda\/parque-infantil-sould-park-2\/","og_site_name":"Centro Comercial \u00c0necblau","article_modified_time":"2025-12-01T11:40:20+00:00","twitter_card":"summary_large_image","twitter_misc":{"Est. reading time":"1 minute"},"schema":{"@context":"https:\/\/schema.org","@graph":[{"@type":"WebPage","@id":"https:\/\/www.anecblau.com\/ca\/tienda\/parque-infantil-sould-park-2\/","url":"https:\/\/www.anecblau.com\/ca\/tienda\/parque-infantil-sould-park-2\/","name":"Parque Infantil Sould Park | Centro Comercial \u00c0necblau","isPartOf":{"@id":"https:\/\/www.anecblau.com\/ca\/#website"},"datePublished":"2025-09-03T11:40:04+00:00","dateModified":"2025-12-01T11:40:20+00:00","description":"En el Centre Comercial \u00c0necblau de Castelldefels estem sempre treballant per entretenir els nostres clients i millorar l\u2019experi\u00e8ncia dels nostres usuaris.","breadcrumb":{"@id":"https:\/\/www.anecblau.com\/ca\/tienda\/parque-infantil-sould-park-2\/#breadcrumb"},"inLanguage":"ca-ES","potentialAction":[{"@type":"ReadAction","target":["https:\/\/www.anecblau.com\/ca\/tienda\/parque-infantil-sould-park-2\/"]}]},{"@type":"BreadcrumbList","@id":"https:\/\/www.anecblau.com\/ca\/tienda\/parque-infantil-sould-park-2\/#breadcrumb","itemListElement":[{"@type":"ListItem","position":1,"name":"Portada","item":"https:\/\/www.anecblau.com\/ca\/"},{"@type":"ListItem","position":2,"name":"Tiendas","item":"https:\/\/www.anecblau.com\/ca\/tienda\/"},{"@type":"ListItem","position":3,"name":"Parque Infantil Sould Park"}]},{"@type":"WebSite","@id":"https:\/\/www.anecblau.com\/ca\/#website","url":"https:\/\/www.anecblau.com\/ca\/","name":"Centro Comercial \u00c0necblau","description":"Centro Comercial | \u00c0necblau","publisher":{"@id":"https:\/\/www.anecblau.com\/ca\/#organization"},"potentialAction":[{"@type":"SearchAction","target":{"@type":"EntryPoint","urlTemplate":"https:\/\/www.anecblau.com\/ca\/?s={search_term_string}"},"query-input":{"@type":"PropertyValueSpecification","valueRequired":true,"valueName":"search_term_string"}}],"inLanguage":"ca-ES"},{"@type":"Organization","@id":"https:\/\/www.anecblau.com\/ca\/#organization","name":"Anecblau","alternateName":"Centro Comercial | \u00c0necblau","url":"https:\/\/www.anecblau.com\/ca\/","logo":{"@type":"ImageObject","inLanguage":"ca-ES","@id":"https:\/\/www.anecblau.com\/ca\/#\/schema\/logo\/image\/","url":"https:\/\/www.anecblau.com\/wp-content\/uploads\/2021\/04\/anecblau-logo-diciembrecolor.svg","contentUrl":"https:\/\/www.anecblau.com\/wp-content\/uploads\/2021\/04\/anecblau-logo-diciembrecolor.svg","width":1,"height":1,"caption":"Anecblau"},"image":{"@id":"https:\/\/www.anecblau.com\/ca\/#\/schema\/logo\/image\/"}}]}},"publishpress_future_action":{"enabled":false,"date":"2026-05-07 19:11:03","action":"change-status","newStatus":"draft","terms":[],"taxonomy":"post_tag"},"publishpress_future_workflow_manual_trigger":{"enabledWorkflows":[]},"_links":{"self":[{"href":"https:\/\/www.anecblau.com\/ca\/wp-json\/wp\/v2\/tiendas\/83827","targetHints":{"allow":["GET"]}}],"collection":[{"href":"https:\/\/www.anecblau.com\/ca\/wp-json\/wp\/v2\/tiendas"}],"about":[{"href":"https:\/\/www.anecblau.com\/ca\/wp-json\/wp\/v2\/types\/tiendas"}],"version-history":[{"count":2,"href":"https:\/\/www.anecblau.com\/ca\/wp-json\/wp\/v2\/tiendas\/83827\/revisions"}],"predecessor-version":[{"id":86570,"href":"https:\/\/www.anecblau.com\/ca\/wp-json\/wp\/v2\/tiendas\/83827\/revisions\/86570"}],"wp:attachment":[{"href":"https:\/\/www.anecblau.com\/ca\/wp-json\/wp\/v2\/media?parent=83827"}],"wp:term":[{"taxonomy":"post_tag","embeddable":true,"href":"https:\/\/www.anecblau.com\/ca\/wp-json\/wp\/v2\/tags?post=83827"}],"curies":[{"name":"wp","href":"https:\/\/api.w.org\/{rel}","templated":true}]}}

<p>En el <strong>Centre Comercial Ànecblau</strong> de <strong>Castelldefels</strong> estem sempre treballant per entretenir els nostres clients i millorar l’experiència dels nostres usuaris. El públic que acudeix al nostre Centre Comercial és molt variat, però tenim una clientela molt fidel: les famílies de <strong>Castelldefels</strong> i tot el Baix Llobregat, que troben a <strong>Ànecblau</strong> l’espai ideal per gaudir del seu temps lliure.</p>
<p>A més dels nostres <a href="https://www.anecblau.com/tienda/yelmo-cines/">Cines Yelmo</a>, l’oferta d’oci del <strong>Centre Comercial Ànecblau</strong> de <strong>Castelldefels</strong> no es limita només a això. Pensant en els més petits i les seves famílies, vam descobrir que havíem de crear un espai per a ells a <strong>Ànecblau</strong> i així va néixer la idea del nostre <strong>Parc Infantil</strong>.</p>
<p>El <strong>Parc Infantil</strong> del <strong>Centre Comercial Ànecblau</strong> es diu <strong>Parque Sould Park</strong> i és tot un referent d’<strong>oci infantil a Castelldefels</strong>.</p>
<p><strong>¿Què és el que trobareu al Parque Sould Park</strong> del <strong>Centre Comercial Ànecblau</strong> de <strong>Castelldefels?</strong></p>
<ul>
<li>Llits elàstics</li>
<li>Volador</li>
<li>Piscina de boles</li>
<li>Jumping</li>
<li>Els populars jocs de Scalextric</li>
</ul>
<p>En resum: un món ple de diversió per als més petits.</p>
<p><strong>Horari:</strong><br />
De dilluns a divendres:17:00-21:00<br />
Dissabte, diumenge i dies festius:12:00-21:00</p>

<!-- This site is optimized with the Yoast SEO plugin v25.4 - https://yoast.com/wordpress/plugins/seo/ -->
<title>Parque Infantil Sould Park | Centro Comercial Ànecblau</title>
<meta name="description" content="En el Centre Comercial Ànecblau de Castelldefels estem sempre treballant per entretenir els nostres clients i millorar l’experiència dels nostres usuaris." />
<meta name="robots" content="index, follow, max-snippet:-1, max-image-preview:large, max-video-preview:-1" />
<link rel="canonical" href="https://www.anecblau.com/ca/tienda/parque-infantil-sould-park-2/" />
<meta property="og:locale" content="ca_ES" />
<meta property="og:type" content="article" />
<meta property="og:title" content="Parque Infantil Sould Park | Centro Comercial Ànecblau" />
<meta property="og:description" content="En el Centre Comercial Ànecblau de Castelldefels estem sempre treballant per entretenir els nostres clients i millorar l’experiència dels nostres usuaris." />
<meta property="og:url" content="https://www.anecblau.com/ca/tienda/parque-infantil-sould-park-2/" />
<meta property="og:site_name" content="Centro Comercial Ànecblau" />
<meta property="article:modified_time" content="2025-12-01T11:40:20+00:00" />
<meta name="twitter:card" content="summary_large_image" />
<meta name="twitter:label1" content="Est. reading time" />
	<meta name="twitter:data1" content="1 minute" />
<!-- / Yoast SEO plugin. -->

Parque Infantil Sould Park | Centro Comercial Ànecblau

En el Centre Comercial Ànecblau de Castelldefels estem sempre treballant per entretenir els nostres clients i millorar l’experiència dels nostres usuaris.

Centro Comercial Ànecblau

Centro Comercial | Ànecblau
